= 2*j(z) - 11*l(z). What is u(r)?
-2
Suppose -31*q + 567 = -4*q. Suppose -w = -d + 6, -3*d - w = -7*d + q. Let n(y) = -y**3 + 8*y**2 - 5*y + 2. Give n(d).
52
Let a(x) be the third derivative of -5*x**4/8 + 3*x**3/2 + x**2 - 745. Give a(-8).
129
Let d be (-45)/(-9) - 3/((-6)/(-8)). Let r(a) = 58*a**2 - d - 3*a - 59*a**2 + 3*a - a. What is r(-2)?
-3
Let d(p) = -2*p**3 + 3*p**2 - 2*p + 10. Let z(y) = y**2 - 3*y. Let t(l) = -d(l) - 3*z(l). Calculate t(2).
4
Let j(v) = -v**2 - 904*v + 15653. Let o be j(17). Let y(f) = 1 + 4*f**2 - 3 - 6*f**2 - 4*f. Determine y(o).
-18
Let b(r) = 3*r**2 - 29*r + 2. Let k(p) = -5*p**2 + 44*p - 3. Let c(l) = 8*b(l) + 5*k(l). Suppose -142*h - 2*f = -137*h + 65, 5*h = 3*f - 40. Give c(h).
12
Let h(j) = -j - 12. Let s(q) = 11*q + 11. Let m be s(10). Let l be m/(-9) + (-48)/(-108). Give h(l).
1
Let g(q) = -3*q**2 + 7*q - 4. Let c(t) = -t**2 + 15*t - 21. Let a be c(12). Suppose -5*m - a = 3*h - 8*h, 2*h = -5*m + 13. Give g(h).
-24
Let d(o) = -o**3 - 4*o**2 + o + 1. Let l = -50 - -67. Suppose -10*m - l = 3. Determine d(m).
-9
Let b(a) = -7*a - 2 - 235*a**2 + 124*a**2 + 112*a**2. Let p = 9 + -2. Calculate b(p).
-2
Let j(r) = 3*r + 3. Suppose 0 = 2*f - 5*f - 3*c + 3, 3*c - 3 = 4*f. Suppose -1319*t + 1318*t - 5 = f. Calculate j(t).
-12
Let w(o) = 266*o**2 - 14*o + 276*o**2 + 17 - 541*o**2. Let b be (0 - 3)*-3 + -3. Let j be 13*(-3)/b*(-2 + 0). Give w(j).
4
Let t(a) = -3*a**2 + a. Let m be 78/(-20) - (-1)/(-10). Let d(c) = -2*c**2 + 2*c - 1. Let p(f) = m*d(f) + 3*t(f). Give p(-6).
-2
Let v(n) = -4*n**2 - 3*n + 6. Suppose -2*j = -75 + 19. Let t = 31 - j. Let z(l) = -9*l**2 - 7*l + 13. Let r(s) = t*z(s) - 7*v(s). Calculate r(3).
6
Let x(s) = 3*s + 1. Let v be x(-1). Let z be (v + 0)/4*0. Let m(r) be the first derivative of -r**2/2 - 7*r + 2272. Calculate m(z).
-7
Suppose 0 = -q - 5*f + 11, 28 = 5*q - q + 4*f. Let j = -171 + 174. Let x(p) = -2 + 4363*p**2 + j + 8*p + p**3 - 4371*p**2. Give x(q).
-23
Let y(t) = -t**2 + 14*t - 11. Let d(j) = 3*j**2 - 27*j + 19. Let x(v) = 3*d(v) + 5*y(v). Let i(w) = w**2 - 4*w + 1. Let f(m) = -2*i(m) + x(m). Give f(3).
9
Let l(a) = a**2 + 12*a - 65. Suppose 0 = -q + 3*c - 11, 4*q - 70*c = -66*c + 4. Determine l(q).
68
Let i(q) = q**2 + 13*q - 5. Let l be i(-10). Let h = l - -41. Let w(d) = d**2 - 4*d - 2. Determine w(h).
10
Let d be 3/(3/2) + -15. Let j(n) = 667*n**2 - 9*n - 3. Let u(i) = -500*i**2 + 10*i. Let w(o) = -3*j(o) - 4*u(o). Determine w(d).
9
Let v(y) = 19 - 15040*y + 41 + 30056*y - 15031*y. Calculate v(6).
-30
Suppose -t - 13 - 4 = 0. Let s = t + 19. Let i(z) be the second derivative of -3*z**3/2 + z**2/2 + 102*z. Determine i(s).
-17
Let n(s) = s**3 - 13*s**2 + 4*s - 22. Let z(w) = 2*w**2 + 2*w + 4. Let a(l) = -n(l) - 4*z(l). Determine a(5).
-54
Let a(d) = 4*d**2 + 9 - 3*d**2 + 11 + 2*d - 33 + 16. Calculate a(-6).
27
Let s(w) = 2*w**2 - w - 11. Let h be s(2). Let a(z) = -4*z**2 - 12*z - 4. Let l(i) = -5*i**2 - 13*i - 5. Let c(j) = -3*a(j) + 2*l(j). Determine c(h).
2
Suppose 269*k = 275*k - 12. Suppose 0 = -2*m + 2*c + 14, -2 = 3*c - c. Let z(y) = k*y**2 + y**3 - m*y**2 - 2 - 3*y + y + 4. Determine z(4).
-6
Let r(h) = -2*h**2 + 3*h - 6. Suppose -z = 3*b - 2, -88 = 4*b - 4*z - 96. Suppose b = -12*v + 37. What is r(v)?
-15
Suppose 42*s - 3144 = 36*s. Let c = s - 520. Let o(p) = 4*p - 2. What is o(c)?
14
Suppose -r + 3 = 0, -t - r - 6 = -0. Let n(q) = -q**2 - 10*q - 8. Let p be n(t). Let l(x) = 3*x + 2. Give l(p).
5
Let o(m) = 14*m. Let v be 0 - (0/166 + (-4)/(3 - 1)). Calculate o(v).
28
Let u(g) be the first derivative of g**3/3 + g**2/2 - g + 3. Let n = 13709 - 13709. Give u(n).
-1
Let a(t) = 745 + 0*t - 2*t + 741 - 1483. Let x = -20 + 24. Suppose -u - 16 = x*r + 2*u, 0 = -3*r - 3*u - 12. Calculate a(r).
11
Let c(h) = -h**3 - h**2 - 53*h + 3. Let n be c(0). Let f(d) = -d**3 + 4*d**2 - 9*d + 3. Calculate f(n).
-15
Let g(s) be the first derivative of 9*s**4/4 + s**3/3 - 2*s**2 - 3*s - 3588. Give g(-2).
-63
Let z = -20 + 26. Let t be 1 - -124 - 18/z. Let x(s) = -t + 122 - s. Give x(1).
-1
Let z(w) = w**3 + 5*w**2 - 9*w + 10. Let i(q) = -q**3 - 9*q**2 - 13*q - 47. Let p be i(-8). Give z(p).
-25
Suppose -4*l + 3*y + 15 = -l, 3*y + 7 = -l. Let z(r) = 20*r**2 - 377*r + 378*r + 0*r**l. Give z(1).
21
Let a(y) = 10*y**3 + y**2 - 44*y + 43. Let x be a(1). Let n(t) = 2*t**2 - 23*t + 26. What is n(x)?
-4
Let n(d) be the third derivative of -d**4/12 - 4*d**3/3 + 14557*d**2. Let b be 19/(-3) + (-2)/3. Give n(b).
6
Suppose -78*d + 1262 = 73*d + 54. Let m(g) = -13*g - 6*g**2 + 7*g**2 + 11 + g. What is m(d)?
-21
Let j(s) be the third derivative of s**4/3 + 5*s**3/2 - 1836*s**2. Calculate j(-5).
-25
Let w(q) be the second derivative of -q**3/6 + 3*q**2 - 67*q - 2. Let r = -40 + 65. Suppose -2*d + 3*x + 27 = 0, -6*x + x = r. Calculate w(d).
0
Let h(y) = -5*y**3 - 7*y**2 + 6*y + 8*y**3 + 11 - 5*y**3 + 0*y**2 + y**3. Calculate h(-8).
27
Let y(t) = t**3 + 5*t**2 + t + 12. Let n(d) = -209*d + 2085. Let u be n(10). Determine y(u).
7
Suppose -44 = 2*c + 66. Let f = 57 + c. Let a(l) = 2*l**3 - 2 - l**3 - 9*l**f + 3 - 2. Calculate a(9).
-1
Let o(j) = 10 + 4*j**3 - 11*j + 10*j**2 - 3*j**3 - 2*j**3. Suppose 2*s + 11*d + 48 = 0, -13*s - 4*d = -9*s - 12. Calculate o(s).
-8
Let c(w) = -9*w**3 - 13*w**2 + 27*w - 8. Let k(z) = -2*z**3 + 8*z + 1. Let f(l) = c(l) - 5*k(l). What is f(14)?
1
Let b(o) be the second derivative of o**5/60 - o**4/2 + 10*o**3/3 + 167*o**2/2 + 4*o + 19. Let a(t) be the first derivative of b(t). Calculate a(11).
9
Let p(l) = 6*l**3 - 143 + 5*l**2 + 138 - 19*l**3 + 12*l**3. Calculate p(4).
11
Let a(q) = -15 + 10 + 2 - 14 + q**2 - 3*q - 4. Give a(4).
-17
Let m(c) = -c + 13. Let p be m(8). Let n(k) = -36 - 1603*k + 323*k + 326*k + 316*k + 319*k + 325*k. Determine n(p).
-6
Let v(u) = u**2 + 1. Let c = 37 + 11. Suppose 0 = -7*x - 440 + c. Let p = x - -57. Give v(p).
2
Let n(o) = o**2 - 226*o + 1536. Let h be n(7). Let m(l) = -19*l + 46. Calculate m(h).
-11
Let z = 19095 - 19084. Let y(h) = h. Let w(x) = -x - 13. Let g(a) = w(a) + 2*y(a). Determine g(z).
-2
Let k(t) = -t**2 - 7*t - 18. Let i(y) = 3*y**2 + 21*y + 54. Let z(w) = 5*i(w) + 14*k(w). What is z(-8)?
26
Let b = 205 - 203. Let n(w) = -7 + 2 - 8*w**b + w**2 - w**3. Calculate n(-7).
-5
Let j = 2 - 16. Let p(m) = -11*m**3 + 17*m**2 - 17*m + 7. Let n(c) = -3*c**3 + c**2 - c - 1. Let y(a) = 4*n(a) - p(a). Determine y(j).
3
Let i(k) = -363*k - 2899. Let l be i(-8). Let a(q) be the second derivative of -2*q**3/3 - 2*q**2 + 3*q. Give a(l).
-24
Let y(v) = v - 4. Let a(j) = -2*j + 8. Let n(w) = -4*a(w) - 9*y(w). Determine n(19).
-15
Let d(h) = 4*h - 85. Let o(g) = 2*g + 16. Let v(y) = y - 4. Let j(k) = o(k) - 3*v(k). Let w(a) = -2*d(a) - 7*j(a). Determine w(0).
-26
Let r = -1 - -5. Suppose -r*o - 13 = -25. Suppose 0*d - 4*d = -o*d. Let u(s) = s**2 + 1. Determine u(d).
1
Let l(v) be the third derivative of -1/120*v**5 + 1/24*v**4 + 11*v**2 - 11/6*v**3 + 0*v + 0. Let o(p) be the first derivative of l(p). Determine o(2).
-1
Let o be -4 - (4 + (-4 - -2)). Let c(q) = -q**2 - 4*q + 9. Let j be c(o). Let k(z) be the third derivative of z**5/60 + z**4/8 - z**3/3 + 7*z**2. Give k(j).
-2
Suppose -2*j + j + 9*j = 0. Let a be -9 + j + (9 - 1). Let q(v) = -21*v**3 + 2*v**2 + 2*v + 1. What is q(a)?
22
Let u(d) be the first derivative of -3*d**2 - 12*d - 1. Let b be u(3). Let f be (-3*(-4)/b)/(10/(-100)). Let h(j) = -j**3 + 5*j**2 - 4*j - 3. Calculate h(f).
-3
Let i be (-1)/((3 - 5)/6). Let y(w) be the first derivative of -3*w**2/2 - 2*w + 750. What is y(i)?
-11
Let a(x) = -792 + 399 + 391 + 4*x - 5*x + 0*x. Give a(-2).
0
Let b(k) = -3*k**2 - k + 13. Let p be (-62)/(-14) - 1 - (-132)/231. Give b(p).
-39
Let b(y) = -y**3 + 3*y**2 + 6*y - 4. Let n be b(4). Let v(l) = 5*l**3 - 1 - l**3 - 5*l**3 + 0*l**3 + n*l. Determine v(3).
-16
Let m = -6150 - -6153. Let b(n) = -22*n**2 + 68*n - 4. Determine b(m).
2
Let w(p) = 3*p**3 + 11 + 7 + 174*p - 343*p - 2*p**3 + 150*p + 19*p**2. Determine w(-20).
-2
Let r(j) = 18*j**3 - 41*j**2 - 11*j - 117. Let d(v) = 29*v**3 - 62*v**2 - 17*v - 176. Let a(k) = -5*d(k) + 8*r(k). Calculate a(-18).
-2
Let u = -591 + 1077. Let t = u - 481. Let d(k) = k**2 - 6*k - 3. Give d(t).
-8
Let o(k) = 19*k**2 + 14*k + 42. Let c(a) = -7*a**2 - 6*a - 15. Let n(f)